 4, what is -22 + -3223001010?
-3223001032
In base 13, what is -1 - 1b89738?
-1b89739
In base 11, what is -129387 - 43?
-12941a
In base 5, what is -3001440144 + -21?
-3001440220
In base 14, what is -8b3bb4a - -2?
-8b3bb48
In base 7, what is 0 - -10505511?
10505511
In base 15, what is 5 + aca8c5?
aca8ca
In base 7, what is 20335 - 362?
16643
In base 3, what is 22120222200110 + 120?
22120222201000
In base 3, what is -10110010210000220 + 10?
-10110010210000210
In base 10, what is 23290 + -128?
23162
In base 6, what is 3150145 - -20?
3150205
In base 13, what is -7 + -366ac79?
-366ac83
In base 3, what is 20 + 102202000102101?
102202000102121
In base 11, what is 8a145 + -77?
8a079
In base 2, what is -11101111100101100010100 - 110100?
-11101111100101101001000
In base 11, what is 541101 + -41?
541070
In base 15, what is -5 - 2c01d9?
-2c01de
In base 7, what is 5151054510 - -5?
5151054515
In base 15, what is -3cb3 - -ac?
-3c06
In base 7, what is -143265 - -45345?
-64620
In base 11, what is -2869 - -16a35?
14177
In base 2, what is 1010010110101001010010011000 + -11?
1010010110101001010010010101
In base 10, what is -29350624 - -18?
-29350606
In base 11, what is -4 + -41616a?
-416173
In base 3, what is -22 + -220201000020102?
-220201000020201
In base 16, what is -3ee933 + -148?
-3eea7b
In base 10, what is -133643110 - -8?
-133643102
In base 6, what is -434511534 - 3?
-434511541
In base 11, what is 234 + 9045a0?
904824
In base 4, what is 0 + -21133010131121?
-21133010131121
In base 4, what is 1022 + -10313212?
-10312130
In base 13, what is 89b81 - 91?
89ac0
In base 8, what is 477017361 - 3?
477017356
In base 6, what is 1 - -2004202023?
2004202024
In base 3, what is -2220000021 + 1011?
-2212222010
In base 13, what is 4 - 124169c?
-1241698
In base 5, what is -13 + -2030233201?
-2030233214
In base 13, what is 4 - 3a19c7?
-3a19c3
In base 5, what is 112243 + 1343014?
2010312
In base 11, what is 811200 - -4?
811204
In base 10, what is -13294 - 107?
-13401
In base 14, what is -1b2 - 63a1a?
-63bcc
In base 8, what is 52322 - 236?
52064
In base 14, what is 7 + -2a722?
-2a719
In base 3, what is -11201210222 + -220111?
-11202201110
In base 5, what is 4330 - 33011?
-23131
In base 8, what is -302621 + 2206?
-300413
In base 14, what is 623 + 25cd?
2c12
In base 16, what is -1c5 + -4a1a2c?
-4a1bf1
In base 3, what is 12011021102 - -102?
12011021211
In base 7, what is -10645 - -15005?
4030
In base 7, what is 16003550 - 3?
16003544
In base 6, what is 1011 + -131114410?
-131113355
In base 6, what is 514 - -3101252?
3102210
In base 8, what is 16026 + 1201?
17227
In base 9, what is 865 + -76335?
-75360
In base 11, what is -18 + -19450871?
-19450889
In base 2, what is -1101111111110 + -110001100?
-1110110001010
In base 3, what is -11 - 2020222220202?
-2020222220220
In base 11, what is -261a - -24625?
22006
In base 12, what is b - -72b02?
72b11
In base 13, what is -161601 + 2c4?
-16130a
In base 6, what is 14024342325 - 1?
14024342324
In base 7, what is 246 + -133542315?
-133542036
In base 4, what is -323320331 + 2?
-323320323
In base 11, what is -248894878 - 0?
-248894878
In base 12, what is -91 - 342a5?
-34376
In base 4, what is 102022112 - -221032?
102303210
In base 12, what is -64b4 + -b24?
-7418
In base 10, what is 11082 + 103?
11185
In base 13, what is -3b94c - 2706?
-41355
In base 10, what is 89 - -18822?
18911
In base 7, what is -105314 - 124612?
-233226
In base 10, what is 76 + 41996?
42072
In base 6, what is -23512350 - 2002?
-23514352
In base 11, what is 4 - 570675?
-570671
In base 15, what is -12425a + 1b?
-12423e
In base 6, what is -325 - -1212551?
1212222
In base 4, what is 1000133212 - -33131?
1000233003
In base 10, what is -272980243 + -3?
-272980246
In base 6, what is -10023340111 + -4?
-10023340115
In base 16, what is 19bf - 1bfc?
-23d
In base 7, what is -654046 - -563?
-653153
In base 16, what is -123 - -20b1a?
209f7
In base 10, what is 13 + 16050277?
16050290
In base 14, what is -642 + -2b8a9?
-2c10b
In base 10, what is 2261 - -35066?
37327
In base 15, what is 217166 + -5?
217161
In base 13, what is -10 - 5c5724?
-5c5734
In base 5, what is -1 + 1420424230?
1420424224
In base 10, what is 0 + -12342506?
-12342506
In base 16, what is 22dd76f0 - -4?
22dd76f4
In base 15, what is -2b78d2 + -4d?
-2b7930
In base 10, what is 202 + 116225?
116427
In base 16, what is -509 + -2dcf8?
-2e201
In base 9, what is 21622688 - -5?
21622704
In base 2, what is -100111110111010101000101000 + 100?
-100111110111010101000100100
In base 6, what is 3 + -2152005140?
-2152005133
In base 14, what is -110304a5 - -1?
-110304a4
In base 5, what is -1114212102011 + -4?
-1114212102020
In base 8, what is -5 - -146101303?
146101276
In base 14, what is 5bac84 + -6?
5bac7c
In base 11, what is 7 - 145a0a01?
-145a09a5
In base 5, what is -330201024 - 1?
-330201030
In base 13, what is -10b5 - 5172?
-6257
In base 15, what is -2446 - 3498?
-58de
In base 11, what is -1724198 + 8?
-1724190
In base 2, what is -101110001100011101111001 + 10101?
-101110001100011101100100
In base 7, what is 210 - 565411?
-565201
In base 7, what is 1050460 - -15502?
1066262
In base 13, what is 2126 + 616b?
8294
In base 2, what is 101 - 1010011000011111011111011?
-1010011000011111011110110
In base 15, what is -de24 + -7?
-de2b
In base 5, what is -323204433032 - -1?
-323204433031
In base 11, what is -1487 + 3200?
1824
In base 9, what is -32 - 35527?
-35560
In base 5, what is -100412421 + 11003?
-100401413
In base 10, what is -455932 - 118?
-456050
In base 6, what is -22331011 + -21?
-22331032
In base 10, what is -5 - -10145604?
10145599
In base 4, what is 303132210302 + 3?
303132210311
In base 5, what is 34330034110 - -1?
34330034111
In base 8, what is -6345 + -60?
-6425
In base 10, what is -124 - -44150?
44026
In base 3, what is -111100212 + 120201?
-110210011
In base 15, what is -43a837b + -5?
-43a8381
In base 4, what is 1031021112120 - -10?
1031021112130
In base 3, what is 221021 - -21202101100?
21210022121
In base 9, what is 2656536 - -18?
2656555
In base 2, what is -1011111000011100001111101 - -101?
-1011111000011100001111000
In base 3, what is 21211222020220 - 220?
21211222020000
In base 5, what is 341330330 - -343?
341331223
In base 6, what is 225431 + -441501?
-212030
In base 13, what is -275 - -238984?
23870c
In base 4, what is 11222233031011 + 0?
11222233031011
In base 6, what is -133510234 - 150?
-133510424
In base 11, what is -31432706 - 8?
-31432713
In base 6, what is 1002354520 - -1?
1002354521
In base 11, what is -13467 + 266?
-13201
In base 15, what is 4917a2 - 46?
49175b
In base 6, what is -34 - 1410150?
-1410224
In base 16, what is f1fcf + -70c?
f18c3
In base 14, what is -12 + -127976?
-127988
In base 7, what is 22605 + -436534?
-413626
In base 9, what is -2 - -162117708?
162117706
In base 5, what is -2 + -33230302204?
-33230302211
In base 10, what is -14 + -476795?
-476809
In base 3, what is -1110100100101 + -101?
-1110100100202
In base 10, what is 2670838 + 0?
2670838
In base 14, what is 4 + -9a8604?
-9a8600
In base 4, what is -1111 - 1100120102?
-1100121213
In base 8, what is 710244 - 761?
707263
In base 9, what is -54527444 - 2?
-54527446
In base 3, what is -1000202110202101 - -11?
-1000202110202020
In base 14, what is aa - -74570?
7463a
In base 11, what is 68514 - 36?
68489
In base 10, what is -4813344 + 5?
-4813339
In base 7, what is -1115603 + 34?
-1115536
In base 3, what is 211011201012002 - -2?
211011201012011
In base 3, what is 1212 + -211210012200?
-211210010211
In base 3, what is -11222002001221220101 + 2?
-11222002001221220022
In base 16, what is 1c7ff84 - 4?
1c7ff80
In base 14, what is -7989 + -852?
-83db
In base 9, what is -1438247 - 4?
-1438252
In base 10, what is -138 - -3392874?
3392736
In base 2, what is -110110100110000010 + 11011?
-110110100101100111
In base 13, what is 615c513 - -3?
615c516
In base 13, what is -448a8c8 - 2?
-448a8ca
In base 10, what is 16045 + 23483?
39528
In base 14, what is 0 - 326ada?
-326ada
In base 14, what is -1 - aaa77ca?
-aaa77cb
In base 2, what is 100110101010010100000 - -11010011?
100110101010101110011
In base 13, what is -54737 - -241?
-544c6
In base 2, what is 100110010001010111101 - 1111001?
100110010001001000100
In base 11, what is -9078602 - 96?
-9078698
In ba